1652601?
1
What is the hundreds digit of 53951433?
4
What is the units digit of 38455463?
3
What is the millions digit of 437360490?
7
What is the thousands digit of 508787671?
7
What is the ten thousands digit of 351197580?
9
What is the billions digit of 2098858315?
2
What is the hundred thousands digit of 80272953?
2
What is the ten millions digit of 2345168708?
4
What is the millions digit of 48113832?
8
What is the hundred thousands digit of 262031001?
0
What is the hundred thousands digit of 103991682?
9
What is the tens digit of 50783771?
7
What is the ten thousands digit of 81413618?
1
What is the tens digit of 3429453298?
9
What is the hundred millions digit of 1343771937?
3
What is the hundred millions digit of 615321962?
6
What is the hundred millions digit of 160463392?
1
What is the thousands digit of 437207854?
7
What is the units digit of 1236213495?
5
What is the thousands digit of 11696891?
6
What is the hundred thousands digit of 533415224?
4
What is the hundred thousands digit of 40706221?
7
What is the millions digit of 94066690?
4
What is the hundreds digit of 305065191?
1
What is the millions digit of 311240999?
1
What is the ten thousands digit of 24265515?
6
What is the tens digit of 4568675?
7
What is the hundred millions digit of 109885129?
1
What is the tens digit of 510034671?
7
What is the units digit of 26736465?
5
What is the ten thousands digit of 125132676?
3
What is the units digit of 35032608?
8
What is the thousands digit of 24816298?
6
What is the units digit of 13348237?
7
What is the tens digit of 73487519?
1
What is the thousands digit of 96068385?
8
What is the ten thousands digit of 874859002?
5
What is the tens digit of 8773879?
7
What is the hundred millions digit of 3906495872?
9
What is the thousands digit of 8039461956?
1
What is the hundreds digit of 1229257147?
1
What is the units digit of 902408447?
7
What is the units digit of 70935027?
7
What is the thousands digit of 4838194?
8
What is the ten millions digit of 455570705?
5
What is the millions digit of 24897416?
4
What is the hundreds digit of 66738625?
6
What is the tens digit of 237554317?
1
What is the tens digit of 70322754?
5
What is the millions digit of 1944782360?
4
What is the hundred millions digit of 117291803?
1
What is the units digit of 296923871?
1
What is the units digit of 3697449770?
0
What is the tens digit of 9590115?
1
What is the thousands digit of 449030212?
0
What is the millions digit of 51556560?
1
What is the hundred millions digit of 6920642134?
9
What is the billions digit of 2630488572?
2
What is the hundred thousands digit of 726555815?
5
What is the units digit of 63044708?
8
What is the thousands digit of 7874216142?
6
What is the ten thousands digit of 1338220597?
2
What is the millions digit of 118138247?
8
What is the millions digit of 1338408734?
8
What is the millions digit of 22775980?
2
What is the ten millions digit of 565220383?
6
What is the tens digit of 315910358?
5
What is the thousands digit of 1067394143?
4
What is the thousands digit of 954178339?
8
What is the thousands digit of 224951814?
1
What is the units digit of 71144027?
7
What is the units digit of 207307409?
9
What is the thousands digit of 9255227?
5
What is the hundred thousands digit of 334571927?
5
What is the units digit of 794590459?
9
What is the hundred millions digit of 1448708556?
4
What is the ten millions digit of 38241597?
3
What is the billions digit of 3271040350?
3
What is the hundred thousands digit of 12154844?
1
What is the hundreds digit of 62196485?
4
What is the units digit of 197006811?
1
What is the thousands digit of 2439911580?
1
What is the ten millions digit of 752886799?
5
What is the millions digit of 293596281?
3
What is the hundred millions digit of 311265779?
3
What is the ten thousands digit of 14888427?
8
What is the hundred millions digit of 2661246165?
6
What is the ten millions digit of 432657765?
3
What is the millions digit of 159915484?
9
What is the hundreds digit of 300354011?
0
What is the tens digit of 71198057?
5
What is the billions digit of 2027197926?
2
What is the units digit of 18466212?
2
What is the units digit of 379929876?
6
What is the millions digit of 2596866094?
6
What is the units digit of 116613043?
3
What is the millions digit of 962272776?
2
What is the hundreds digit of 373887844?
8
What is the hundreds digit of 131985729?
7
What is the millions digit of 45495635?
5
What is the hundreds digit of 603148764?
7
What is the hundred thousands digit of 436994942?
9
What is the hundreds digit of 1344231215?
2
What is the hundreds digit of 1509099628?
6
What is the hundreds digit of 228328434?
4
What is the hundred thousands digit of 8491919?
4
What is the ten thousands digit of 47832200?
3
What is the millions digit of 1083928614?
3
What is the ten millions digit of 497220387?
9
What is the millions digit of 817130266?
7
What is the millions digit of 140729479?
0
What is the ten thousands digit of 722193255?
9
What is the hundred millions digit of 1529851892?
5
What is the hundred millions digit of 909262486?
9
What is the ten thousands digit of 2506239781?
3
What is the tens digit of 5146875?
7
What is the ten thousands digit of 34623949?
2
What is the millions digit of 41966977?
1
What is the hundreds digit of 3540731719?
7
What is the hundred thousands digit of 408576548?
5
What is the hundreds digit of 1000060114?
1
What is the hundreds digit of 1031547930?
9
What is the thousands digit of 187931969?
1
What is the thousands digit of 1750913116?
3
What is the millions digit of 1127973780?
7
What is the hundred millions digit of 112801735?
1
What is the hundred millions digit of 123347252?
1
What is the units digit of 317632450?
0
What is the thousands digit of 58306742?
6
What is the tens digit of 43373271?
7
What is the billions digit of 2046957826?
2
What is the ten thousands digit of 101750786?
5
What is the hundreds digit of 6299513260?
2
What is the hundred thousands digit of 1170126939?
1
What is the hundreds digit of 964341066?
0
What is the hundreds digit of 115972085?
0
What is the units digit of 1512587863?
3
What is the tens digit of 149418016?
1
What is the ten thousands digit of 1523695561?
9
What is the thousands digit of 528796871?
6
What is the hundreds digit of 7823538?
5
What is the ten thousands digit of 220083646?
8
What is the ten thousands digit of 2903375090?
7
What is the ten thousands digit of 452508736?
0
What is the ten millions digit of 27490569?
2
What is the ten millions digit of 62239372?
6
What is the hundred thousands digit of 4576585899?
5
What is the ten millions digit of 652768554?
5
What is the millions digit of 446213849?
6
What is the units digit of 129470971?
1
What is the ten thousands digit of 205521290?
2
What is the millions digit of 132728700?
2
What is the thousands digit of 290955057?
5
What is the tens digit of 9686071?
7
What is the hundred millions digit of 426444332?
4
What is the ten thousands digit of 583324860?
2
What is the hundred millions digit of 358949381?
3
What is the millions digit of 69258739?
9
What is the hundred thousands digit of 2415695761?
6
What is the tens digit of 3671745230?
3
What is the thousands digit of 95003395?
3
What is the tens digit of 256049078?
7
What is the ten millions digit of 5333393095?
3
What is the ten thousands digit of 336515406?
1
What is the hundreds digit of 286291357?
3
What is the millions digit of 914195037?
4
What is the millions digit of 75055057?
5
What is the units digit of 103203397?
7
What is the units digit of 42698511?
1
What is the hundreds digit of 232552232?
2
What is the hundred thousands digit of 192742086?
7
What is the ten millions digit of 615551779?
1
What is the thousands digit of 51763434?
3
What is the ten millions digit of 75972428?
7
What is the units digit of 1850513452?
2
What is the units digit of 28163867?
7
What is the tens digit of 146935249?
4
What is the ten thousands digit of 529371394?
7
What is the ten millions digit of 1819494966?
1
What is the ten thousands digit of 50878334?
7
What is the tens digit of 34205232?
3
What is the hundred thousands digit of 7610072996?
0
What is the millions digit of 5951169148?
1
What is the ten thousands d